be 279/(-6)*(-56)/6. Suppose -5*o - 92 = 2*i - 152, -2*i + 88 = 7*o. Calculate the greatest common divisor of o and a.
14
Let c = 267 - 239. Let l be ((-8)/12*39)/((-2)/c). Calculate the highest common divisor of l and 28.
28
Suppose -795 - 543 = -6*j. Suppose j = -29*n + 1586. Calculate the highest common factor of n and 1.
1
Suppose -4*p + 18 - 34 = 0, -9 = -y - p. Let o = 514 + -163. What is the highest common factor of y and o?
13
Let z be (-74)/(-5) - (-24)/(-30). Let q = 93 - 83. Let k be 182/(-130)*q*-1. Calculate the greatest common divisor of k and z.
14
Suppose 0 = 59*a + 2724 - 5084. Let c be (-150)/4*(-8)/6. What is the highest common factor of c and a?
10
Suppose 22 = -3*p + 37. Let n be (12/(-6) + 13)*p. What is the greatest common factor of 220 and n?
55
Let g = -2703 + 2717. What is the greatest common divisor of 875 and g?
7
Suppose -4*m + 5*m = 32. Let y(i) = 9*i**2 + 2207*i - 11052. Let o be y(5). Calculate the greatest common factor of o and m.
16
Let s = 790 + -838. Suppose -2*v + v + 2*x - 76 = 0, -x = 1. Let z = s - v. What is the highest common factor of z and 6?
6
Suppose 4*a - 3*z - 525 = -25, 0 = 2*a - 2*z - 250. What is the greatest common divisor of a and 115?
5
Let w be (1 + 5)/3*(-165)/6. Let z be 5/((-75)/(-6)) + (-3058)/w. Calculate the highest common factor of z and 14.
14
Let z = 12685 + -12643. Let s = 13 - 9. Suppose 0 = k - s, 2*g - 6*k + 5*k = 52. What is the highest common factor of z and g?
14
Suppose -33*n + 4300 = -3950. Calculate the highest common factor of 200 and n.
50
Let d = 1 - -10. Suppose -5*m - 3*g + 45 = 0, -3*g - d = -m - 4*g. Let l be (4/m)/((-4)/(-72)). What is the highest common factor of 30 and l?
6
Let g = 137 - 81. Let i = g + -56. Suppose 4*u - 3*p - 423 = i, 0 = u - 3*p - 143 + 44. Calculate the greatest common factor of u and 27.
27
Suppose f = -w + 4 - 1, 6 = 2*f + 3*w. Suppose -2 = t - f*t. Suppose t = 3*v - 5, 2*v - 10 = -o. What is the greatest common divisor of 21 and o?
3
Let d(u) = -u + 26. Let b be d(0). Let h = b - 1. Suppose 5*x + 0*x + 290 = 3*n, 5*n = -x + 502. What is the greatest common divisor of n and h?
25
Let z be (5 + 120/(-18))*(-1 + 28). Let h(s) = 40*s + 37. Let c be h(11). Let i = c + z. Calculate the greatest common factor of 48 and i.
48
Let t(u) = -3*u - 15. Let g be t(-6). Suppose g*c = 10 + 11. Suppose 2*s + 3*p = s + c, -5*p + 49 = 4*s. Calculate the highest common divisor of s and 80.
16
Let b be -2 + (14 - 0) + 1/(-1). Suppose b*l = 4*l + 77. Let o be ((-86)/4)/(l/(-22)). Calculate the highest common divisor of o and 473.
43
Suppose -5*w = 2*i - 17 - 33, 0 = w + i - 13. Let a be 9/w - ((-164)/(-32) + -5). Suppose -3*o + 4 = -o. Calculate the greatest common factor of a and o.
1
Suppose 46*a - 1400 = 4718. Let p = -129 + a. What is the highest common factor of p and 356?
4
Let k be (-7)/(-35) + 449/5. Suppose 36*l = 2*r + 32*l - 240, 5*l - 480 = -4*r. What is the highest common factor of k and r?
30
Let b = -50 - -86. Suppose -41*f + 256 = -113. Calculate the greatest common factor of f and b.
9
Suppose z + 3 = 0, 4*w - 9*z + 5*z - 172 = 0. Let b(x) = -x**3 - 3*x**2 + 13*x - 6. Let y be b(-8). Calculate the greatest common divisor of y and w.
10
Let g = -14375 - -14605. Calculate the greatest common factor of g and 215.
5
Let l = -502 + 499. Let p be (336/(-70))/(l/195). Calculate the highest common factor of 39 and p.
39
Let c be (432/(-162))/((-16)/6). What is the greatest common factor of 607 and c?
1
Let a(v) = v**3 - 4*v**2 + 6*v. Let i be a(4). Let w(p) = 25*p**2 + 83*p - 274. Let y be w(3). What is the highest common divisor of y and i?
8
Let o be (-164)/1312 + 0 + (-81)/(-8). Let i be 2*(o - (12 + -6)). Calculate the highest common factor of 72 and i.
8
Suppose 0 = -3*t + 2*q - 4, -5*t - 9 = -7*t - q. Suppose -r = -t*u + 2*r + 106, -2*u - 2*r = -106. Calculate the greatest common divisor of u and 212.
53
Let x(u) = -u**2 + 10*u - 19. Let d be x(6). Suppose 27 = d*n - 3*p, -n + 0*p - 3*p - 9 = 0. Suppose j = -n + 15. What is the highest common factor of j and 24?
12
Let i be 0 + (15 - 1)*(-6)/(-21). Suppose -5*a = -4*g - 722 - 313, 2*a = -i*g + 414. What is the greatest common divisor of a and 9?
9
Let h(o) = -17*o + 1452. Let s be h(31). What is the greatest common divisor of s and 111?
37
Let i(f) = 4*f**2 + 40*f - 90. Let w(q) = -3*q**2 - 27*q + 60. Let a(p) = -5*i(p) - 7*w(p). Let k be a(9). What is the greatest common divisor of 84 and k?
12
Let s be (7*3/7)/((-6)/(-740)). Let z = 469 - s. Let g be 114/10 - 4/10. Calculate the highest common divisor of g and z.
11
Let v = 208 - 320. Let k = 310 + v. What is the greatest common factor of k and 22?
22
Let a(o) = -3*o**3 + 132*o**2 - 107*o - 1. Let t be a(43). Calculate the greatest common divisor of 840 and t.
105
Let o = 39 + -12. Suppose 4*i - o = 17. What is the highest common factor of 44 and i?
11
Let i be (-3)/(-6)*(8 + -6). Let r be (-1)/((-250)/(-245) - i). Let v be r/(-5) - -2 - (-3)/15. Calculate the greatest common divisor of v and 132.
12
Let r = 4822 - 2194. What is the greatest common factor of r and 108?
36
Suppose -62485 = -4*n + r, -n - r = n - 31235. What is the greatest common factor of 220 and n?
220
Let w(d) = d**3 - 18*d**2 - 26*d + 214. Let y be w(20). What is the highest common divisor of y and 114?
38
Let a(q) = 2*q**3 - 132*q**2 + 2*q + 374. Let n be a(66). Suppose 0 = -2*f - 2*y + 94, 0*f - 3*f + 133 = -5*y. What is the greatest common divisor of n and f?
46
Let x(n) = -n**3 - 16*n**2 + 75*n + 672. Let v be x(-19). Calculate the highest common factor of 1023 and v.
33
Suppose -209 + 75 = -t. Let d = -114 + t. Calculate the greatest common factor of 16 and d.
4
Suppose -212 = -270*t + 266*t - 3*j, -2*t + 3*j + 88 = 0. Calculate the highest common factor of 1600 and t.
50
Let d = 1831 + -1818. Calculate the highest common divisor of 3419 and d.
13
Suppose -z - 3*r = -4*z - 15, 0 = z - 2*r + 10. Suppose 0 = -2*u - 2*c + 10, -2*c - 2 + 4 = z. Let x = 12 + u. Calculate the greatest common factor of x and 8.
8
Let p(b) = -3*b**3 - 36*b**2 - 42*b - 9. Let m be p(-11). What is the highest common divisor of m and 750?
30
Let g(s) = 141*s + 65. Let r be g(1). Calculate the highest common divisor of 1442 and r.
206
Let p = -203 + 208. Suppose -121 = -21*s + p. Calculate the greatest common factor of s and 96.
6
Suppose 2*o + 27 = 6*o + 3*b, 4*o + 13 = 5*b. Suppose -4*a - 16 = 2*y - 188, o*a + 3*y = 126. Let d = -22 + a. Calculate the highest common factor of 11 and d.
11
Let d = -105 - -112. Suppose 173 = d*j + 75. Calculate the greatest common divisor of j and 112.
14
Suppose 25*j - 306201 + 305851 = 0. What is the highest common factor of j and 19859?
7
Suppose 72*b - 52 = 68*b. Suppose b + 8 = 7*j. Suppose 5*l = -5*q - 52 + 137, 0 = j*q - 5*l - 19. What is the greatest common factor of 143 and q?
13
Let m be (-11)/(1144/(-1326)) + (-1)/(-4). What is the greatest common factor of m and 17277?
13
Let h = -498 - -531. Suppose 25*v = h*v - 1008. Calculate the greatest common factor of 28 and v.
14
Let i be (-5 + 40/(-16))*(-1 - 1/3). Calculate the greatest common divisor of 1055 and i.
5
Let p be 6 - ((-4 - -4) + 2). Suppose 3*v - 606 = -5*l - 89, 3*v = -p*l + 413. What is the greatest common divisor of 8 and l?
8
Suppose -2*q = -3*q, 5*k + 1155 = -4*q. Let r = -81 - k. What is the highest common divisor of r and 5?
5
Suppose 0 = -31*y - 16*y + 23*y + 48. Calculate the greatest common factor of 1457 and y.
1
Let r(c) = c**2 - 17*c - 35. Let g be r(25). Let p be (1 - g)/(5 + -11 + 4). Calculate the highest common factor of p and 4.
2
Suppose -b - 14*a + 225 = -17*a, 0 = -5*b + 3*a + 1089. What is the greatest common divisor of 8712 and b?
72
Let h = 55 - 52. Suppose -h*m + 86 = -166. Let a = 188 + -176. What is the greatest common divisor of a and m?
12
Let u(b) = 4*b - 42. Let a be u(15). Let w(s) = -10*s - 4 + 18*s - 10*s. Let q be w(-5). Calculate the highest common factor of a and q.
6
Let t(n) = n**3 + 20*n**2 + 46*n - 100. Let w be t(-14). Calculate the greatest common factor of 1674 and w.
54
Let b be 17 + 3 + 12 + -21 + (-72)/(-8). Let g(q) = -9*q - 5. Let a be g(-4). Let n = a - 11. Calculate the highest common divisor of n and b.
20
Let s = -65 + 66. Let g be 168